
295
What is the highest common divisor of 5488 and 427?
7
What is the greatest common divisor of 9366 and 37018?
446
What is the greatest common divisor of 177 and 1071086?
59
What is the greatest common divisor of 2571498 and 15257?
1387
What is the greatest common divisor of 1024 and 1728?
64
Calculate the greatest common divisor of 15 and 5307.
3
What is the greatest common divisor of 216 and 101304?
216
What is the greatest common factor of 386650 and 43586?
1406
What is the highest common divisor of 37 and 3408107?
37
Calculate the highest common factor of 90 and 837318.
6
Calculate the greatest common factor of 66632 and 16.
8
Calculate the greatest common factor of 12052800 and 648.
648
What is the highest common factor of 312 and 5807672?
104
What is the greatest common divisor of 9225 and 47109?
123
What is the highest common divisor of 424 and 233836?
212
What is the highest common divisor of 1330 and 3178?
14
Calculate the highest common factor of 1394160 and 165.
15
Calculate the highest common divisor of 1644631 and 623.
89
Calculate the greatest common divisor of 6806 and 82.
82
Calculate the greatest common divisor of 783 and 17603.
29
What is the highest common factor of 8062 and 145811?
139
Calculate the greatest common factor of 2337 and 20463.
57
What is the greatest common factor of 1512 and 126168?
168
What is the highest common divisor of 1153474 and 28?
14
What is the greatest common factor of 4112 and 22873?
257
What is the highest common divisor of 650 and 28002?
26
What is the highest common factor of 13745 and 10?
5
What is the highest common factor of 155 and 683891?
31
Calculate the highest common factor of 348557 and 11.
11
What is the highest common divisor of 101255 and 7315?
385
What is the highest common factor of 400891 and 3521?
503
Calculate the highest common divisor of 30876 and 22599.
93
Calculate the highest common factor of 19823 and 922.
461
Calculate the greatest common divisor of 6 and 2502.
6
What is the highest common divisor of 4640 and 224?
32
What is the highest common divisor of 912 and 1121?
19
Calculate the highest common factor of 6 and 34262.
2
Calculate the greatest common factor of 282908 and 8132.
428
What is the greatest common divisor of 3399 and 86829?
309
What is the greatest common factor of 82764 and 1848?
132
Calculate the greatest common factor of 376662 and 44.
22
What is the greatest common divisor of 10063 and 986?
29
Calculate the highest common factor of 134 and 699547.
67
What is the highest common factor of 91 and 40236?
7
What is the greatest common divisor of 3079544 and 117?
13
What is the highest common factor of 195 and 965211?
39
Calculate the greatest common divisor of 1902186 and 792.
198
What is the greatest common factor of 1577895 and 66?
33
Calculate the highest common divisor of 904 and 211084.
452
What is the highest common factor of 64 and 243?
1
Calculate the greatest common divisor of 1410 and 1380.
30
Calculate the greatest common divisor of 6860 and 64204.
28
What is the highest common divisor of 29 and 1683653?
29
What is the highest common divisor of 130 and 78286?
26
Calculate the highest common factor of 305 and 11041.
61
What is the highest common factor of 443 and 913909?
443
Calculate the highest common divisor of 23804 and 240.
4
What is the greatest common factor of 147378 and 174?
174
What is the greatest common factor of 78384 and 38340?
852
Calculate the highest common factor of 2545152 and 576.
192
Calculate the highest common divisor of 209002 and 434.
62
What is the greatest common divisor of 1870 and 4811?
17
Calculate the highest common divisor of 953 and 121031.
953
Calculate the highest common factor of 1827 and 3843.
63
Calculate the greatest common divisor of 11 and 3017663.
11
What is the highest common factor of 8736 and 34671?
273
Calculate the greatest common divisor of 131044 and 362.
362
What is the highest common factor of 1759780 and 760?
380
What is the highest common factor of 1261 and 194?
97
What is the greatest common factor of 13618 and 1056?
22
Calculate the greatest common divisor of 162 and 42255.
27
Calculate the highest common divisor of 758331 and 9.
9
What is the highest common divisor of 33 and 10272?
3
Calculate the greatest common factor of 11210 and 3762.
38
What is the greatest common divisor of 17228 and 107557?
59
Calculate the highest common factor of 8156 and 388.
4
What is the greatest common factor of 848 and 632?
8
Calculate the greatest common factor of 14 and 286762.
14
What is the greatest common divisor of 114 and 63954?
114
Calculate the greatest common divisor of 735 and 67935.
105
Calculate the greatest common factor of 30084 and 1962.
654
Calculate the greatest common divisor of 1691 and 6319.
89
Calculate the highest common divisor of 11 and 4650767.
11
What is the highest common factor of 21581 and 567?
7
What is the greatest common divisor of 30 and 502695?
15
Calculate the greatest common divisor of 16534 and 13006.
14
What is the highest common factor of 589 and 38?
19
Calculate the greatest common factor of 17 and 560864.
17
Calculate the greatest common factor of 381 and 1102995.
381
Calculate the highest common divisor of 664 and 145582.
166
What is the highest common factor of 39146 and 296?
74
Calculate the greatest common divisor of 15255 and 1215.
135
What is the greatest common divisor of 226 and 97406?
226
Calculate the greatest common divisor of 2592 and 2916.
324
Calculate the highest common divisor of 1263 and 12717147.
1263
What is the highest common factor of 34380 and 7380?
180
Calculate the highest common factor of 4266 and 50481.
711
Calculate the highest common divisor of 3569 and 559.
43
What is the highest common factor of 241843 and 301?
7
What is the greatest common divisor of 19095 and 855?
285
What is the highest common factor of 11 and 772519?
11
What is the greatest common divisor of 47916 and 143?
11
Calculate the greatest common factor of 41145 and 3120.
195
Calculate the highest common divisor of 12145 and 14227.
347
What is the greatest common factor of 52089 and 37248?
291
What is the highest common factor of 12 and 137244?
12
Calculate the highest common divisor of 3483 and 3010.
43
What is the highest common divisor of 58638 and 20894?
674
Calculate the highest common factor of 3621 and 33303.
51
What is the greatest common divisor of 946910 and 5?
5
What is the greatest common factor of 679 and 94381?
679
Calculate the greatest common divisor of 65320 and 123280.
920
Calculate the greatest common divisor of 210 and 145635.
105
What is the highest common factor of 148297 and 3?
1
Calculate the highest common factor of 16 and 16424.
8
What is the greatest common divisor of 330 and 201630?
330
What is the highest common divisor of 1066 and 1394?
82
Calculate the greatest common factor of 280 and 135800.
280
What is the highest common divisor of 174 and 21288?
6
What is the highest common factor of 15041 and 169?
169
What is the greatest common divisor of 5454 and 1620?
54
What is the highest common divisor of 376 and 384?
8
Calculate the greatest common divisor of 179 and 3043.
179
What is the highest common divisor of 114963 and 3?
3
Calculate the greatest common factor of 265 and 86.
1
Calculate the highest common factor of 2530 and 4153754.
506
Calculate the highest common divisor of 493 and 29.
29
Calculate the greatest common divisor of 937700 and 125.
25
What is the highest common divisor of 39 and 130260?
39
Calculate the highest common divisor of 590 and 107498.
118
What is the highest common divisor of 550 and 102500?
50
Calculate the greatest common divisor of 4301 and 7557.
11
What is the greatest common divisor of 7588 and 12488?
28
Calculate the highest common factor of 11537 and 664.
83
What is the highest common factor of 4375 and 1057?
7
Calculate the highest common divisor of 30 and 4566.
6
Calculate the greatest common divisor of 40 and 1912360.
40
What is the greatest common factor of 182272 and 1068?
356
What is the highest common factor of 131052 and 32160?
804
Calculate the highest common divisor of 45 and 10470.
15
Calculate the greatest common factor of 810 and 188070.
30
What is the greatest common divisor of 3135 and 1102?
19